isor of 32 and 30304?
32
What is the greatest common factor of 279 and 9?
9
Calculate the greatest common factor of 369 and 513.
9
What is the highest common factor of 7 and 7?
7
Calculate the greatest common factor of 236 and 295.
59
What is the highest common factor of 833 and 1139?
17
What is the greatest common factor of 43520 and 85?
85
What is the greatest common divisor of 37368 and 216?
216
What is the greatest common divisor of 126 and 36?
18
Calculate the greatest common divisor of 585 and 90.
45
Calculate the highest common factor of 387 and 9.
9
What is the greatest common factor of 848 and 48?
16
Calculate the highest common divisor of 493 and 17.
17
Calculate the greatest common divisor of 3184 and 16.
16
Calculate the greatest common factor of 50 and 50.
50
What is the greatest common factor of 22 and 2882?
22
What is the highest common factor of 448 and 140?
28
Calculate the greatest common divisor of 2597 and 196.
49
Calculate the greatest common divisor of 120 and 5460.
60
What is the highest common factor of 57 and 6?
3
What is the greatest common divisor of 279 and 9?
9
What is the highest common factor of 77 and 44?
11
Calculate the highest common divisor of 72 and 1368.
72
Calculate the greatest common divisor of 48 and 496.
16
What is the greatest common factor of 729 and 7533?
243
Calculate the greatest common divisor of 30 and 14.
2
Calculate the highest common factor of 390 and 330.
30
What is the greatest common factor of 108 and 378?
54
Calculate the greatest common factor of 174 and 1450.
58
What is the greatest common factor of 33 and 1749?
33
What is the highest common divisor of 128 and 4?
4
What is the highest common factor of 4 and 236?
4
What is the highest common factor of 16 and 2856?
8
What is the greatest common divisor of 713 and 31?
31
Calculate the highest common factor of 7 and 7.
7
Calculate the highest common divisor of 6174 and 168.
42
What is the highest common divisor of 455 and 3055?
65
What is the greatest common divisor of 13 and 1157?
13
What is the highest common factor of 103 and 4429?
103
What is the greatest common factor of 6622 and 308?
154
Calculate the greatest common factor of 7960 and 280.
40
Calculate the highest common divisor of 27 and 1737.
9
Calculate the greatest common divisor of 988 and 52.
52
Calculate the highest common divisor of 657 and 18.
9
What is the highest common divisor of 24 and 96?
24
Calculate the highest common factor of 2881 and 43.
43
What is the highest common divisor of 11 and 352?
11
What is the highest common divisor of 9 and 39?
3
Calculate the greatest common factor of 7 and 161.
7
Calculate the highest common factor of 141 and 14852.
47
Calculate the greatest common factor of 36 and 23076.
36
Calculate the highest common divisor of 440 and 15.
5
What is the highest common divisor of 77 and 143?
11
What is the greatest common divisor of 48 and 84?
12
What is the greatest common factor of 3599 and 427?
61
Calculate the greatest common factor of 7658 and 70.
14
Calculate the greatest common factor of 425 and 17.
17
Calculate the highest common divisor of 913 and 77.
11
Calculate the highest common divisor of 132 and 15972.
132
Calculate the highest common divisor of 1 and 2.
1
What is the highest common factor of 24 and 114?
6
What is the greatest common divisor of 2475 and 1089?
99
Calculate the greatest common divisor of 54 and 54.
54
Calculate the greatest common divisor of 2508 and 84.
12
Calculate the highest common divisor of 6 and 64434.
6
What is the highest common factor of 304 and 272?
16
Calculate the highest common divisor of 19 and 589.
19
What is the greatest common factor of 126 and 105?
21
What is the highest common divisor of 16492 and 56?
28
Calculate the greatest common divisor of 54 and 720.
18
Calculate the greatest common divisor of 1450 and 850.
50
What is the highest common divisor of 11 and 6347?
11
What is the greatest common factor of 8 and 4?
4
Calculate the greatest common factor of 6 and 12.
6
Calculate the highest common factor of 59 and 413.
59
Calculate the greatest common divisor of 69 and 19113.
69
Calculate the highest common factor of 101 and 1919.
101
What is the greatest common factor of 168 and 120?
24
What is the highest common divisor of 16 and 188?
4
Calculate the greatest common factor of 688 and 432.
16
What is the greatest common factor of 9 and 267?
3
Calculate the greatest common factor of 45 and 825.
15
Calculate the greatest common divisor of 16 and 688.
16
Calculate the greatest common factor of 824 and 721.
103
What is the greatest common divisor of 10 and 610?
10
What is the greatest common divisor of 60 and 2820?
60
What is the greatest common divisor of 1482 and 6612?
114
Calculate the highest common divisor of 119 and 3808.
119
What is the highest common divisor of 12 and 2058?
6
What is the highest common divisor of 18759 and 111?
111
Calculate the greatest common factor of 11044 and 154.
22
What is the highest common divisor of 34 and 102?
34
What is the highest common divisor of 16 and 6416?
16
Calculate the greatest common factor of 94 and 282.
94
Calculate the greatest common divisor of 15 and 393.
3
Calculate the highest common factor of 408 and 360.
24
What is the greatest common divisor of 176 and 40?
8
What is the highest common divisor of 824 and 24?
8
What is the highest common factor of 37 and 296?
37
What is the greatest common divisor of 26506 and 58?
58
Calculate the greatest common factor of 810 and 50.
10
What is the highest common divisor of 528 and 4356?
132
What is the highest common divisor of 27 and 21456?
9
Calculate the highest common factor of 75 and 3100.
25
Calculate the greatest common factor of 2078 and 2.
2
Calculate the highest common factor of 70 and 130.
10
What is the highest common divisor of 2880 and 128?
64
Calculate the greatest common divisor of 4160 and 156.
52
What is the highest common divisor of 153 and 867?
51
What is the greatest common factor of 656 and 40?
8
What is the highest common divisor of 1624 and 336?
56
Calculate the highest common divisor of 432 and 4482.
54
What is the greatest common factor of 1 and 525?
1
What is the highest common factor of 1829 and 177?
59
What is the highest common divisor of 106 and 2?
2
What is the highest common factor of 589 and 124?
31
What is the highest common divisor of 552 and 2277?
69
Calculate the highest common divisor of 14 and 4.
2
What is the greatest common factor of 451 and 205?
41
Calculate the highest common factor of 648 and 144.
72
Calculate the highest common factor of 220 and 275.
55
What is the highest common divisor of 184 and 115?
23
Calculate the highest common divisor of 384 and 512.
128
Calculate the greatest common factor of 37 and 22.
1
What is the highest common factor of 3705 and 78?
39
What is the highest common divisor of 209 and 2413?
19
What is the highest common factor of 8 and 776?
8
What is the highest common divisor of 10448 and 16?
16
Calculate the greatest common factor of 2472 and 56.
8
Calculate the highest common divisor of 47010 and 30.
30
Calculate the greatest common divisor of 510 and 30.
30
What is the greatest common factor of 126 and 210?
42
Calculate the highest common factor of 5 and 1550.
5
What is the greatest common factor of 612 and 17?
17
What is the greatest common factor of 2008 and 8?
8
Calculate the highest common divisor of 16 and 3056.
16
Calculate the greatest common divisor of 2619 and 27.
27
Calculate the greatest common factor of 286 and 11.
11
What is the highest common factor of 663 and 391?
17
Calculate the greatest common factor of 6912 and 176.
16
Calculate the highest common divisor of 42 and 37254.
42
Calculate the greatest common factor of 244 and 1.
1
Calculate the greatest common divisor of 21 and 178773.
21
What is the highest common factor of 1 and 103?
1
Calculate the highest common divisor of 125 and 525.
25
What is the highest common divisor of 8 and 142?
2
Calculate the greatest common divisor of 35627 and 23.
23
Calculate the highest common divisor of 153544 and 136.
136
What is the greatest common divisor of 27 and 90?
9
What is the highest common divisor of 32 and 25?
1
Calculate the highest common factor of 12 and 140.
4
What i